Suppose -14*t + 101 = -1033. What is the remainder when t is divided by j?
40
Suppose -4*w = -4*a + 24, -8*w = 4*a - 4*w - 8. Calculate the remainder when a/(-18) + 2015/117 is divided by 11.
6
Let y = 117 - 44. Let a = -1 + y. What is the remainder when a is divided by 15?
12
Suppose -3*v + 2*o + 55 = -0*v, 32 = 2*v + o. Suppose 5*h = -3*f + 20 + 65, -3*f = 4*h - 71. What is the remainder when ((-160)/h + 2)*-7 is divided by v?
15
Suppose -2*p = -2*u + 72 + 42, -4*u + 5*p + 228 = 0. Let m = u + -25. Calculate the remainder when 188/3*6/4 is divided by m.
30
Let q = 298 + -254. Calculate the remainder when q is divided by 15.
14
Let i = -117 + 185. What is the remainder when i is divided by 36?
32
Calculate the remainder when 567 + (2 - -13) + -10 is divided by 23.
20
Let c(v) = -v**2 + 68*v - 823. Calculate the remainder when c(39) is divided by 46.
32
Suppose 124 = 4*o - 4*b, -70 - 23 = -3*o - 2*b. What is the remainder when (-5)/(-5)*1*o is divided by 11?
9
Let m(x) = -32*x. Let q be m(-2). Let a = -59 + q. Let w = -11 - -35. What is the remainder when w is divided by a?
4
Let v = 22 + -23. Calculate the remainder when (-2)/4*(v + -235) is divided by 40.
38
What is the remainder when 214 is divided by -8 - 378/((-18)/3)?
49
Let f = 6 + -4. Let g(z) = 5*z - 1. Let r be g(f). Let q(k) = 2*k - 7. Calculate the remainder when 42 is divided by q(r).
9
Let n be 4/(-6) - 14/(-21). Suppose 3*b - 5*b + 82 = n. Suppose -2*h = 4*u - 36, h - u - 24 = -0*h. Calculate the remainder when b is divided by h.
19
Suppose -3*g + 21 = -33. Let x be -4*(2 + -4)/2. Suppose 2*z + w = 23, 0 = -0*z + x*z - 3*w - 31. Calculate the remainder when g is divided by z.
8
Let k(x) = x**3 + 14*x**2 - 10*x - 136. What is the remainder when 382 is divided by k(-14)?
2
Let b = 667 + -307. Suppose c = 3*w - 356, -3*w = c + 2*c - b. Calculate the remainder when w is divided by 30.
29
Let z(v) = 6*v**2 - 2*v - 2. Let x(k) = -7*k**2 + k + 3. Let b(i) = 4*x(i) + 5*z(i). What is the remainder when b(7) is divided by 15?
13
Let h be 4/26 - (-3240)/65. Calculate the remainder when 98 is divided by 15/(-10)*h/(-3) - 0.
23
Calculate the remainder when (1 + -4)/(-3)*126 is divided by 8.
6
Suppose 76 = 3*c - 4*k, -5*k = -7*k - 8. Calculate the remainder when 131 is divided by c.
11
Let z(i) = -i**3 - i**2 + i + 4. Let x = 18 - 20. Suppose -4*m + 0*m = -2*y - 64, -5*m = 4*y - 80. What is the remainder when m is divided by z(x)?
4
Suppose 26*b - 287 = -15*b. Calculate the remainder when 30 is divided by b.
2
Suppose -751 = -21*i + 5738. What is the remainder when i is divided by 10?
9
Suppose -2*y + 54 = y. Let s = 28 - y. Let o = -21 + 27. Calculate the remainder when s is divided by o.
4
Let j(i) = 2*i**2 - 6*i + 2. Let v = 29 + -49. Let r(z) = -3*z - 41. What is the remainder when r(v) is divided by j(4)?
9
Let h = 27 + 47. Suppose 0 = 4*q - 2*g - 198, q - h = -q - 4*g. Suppose -5*u - 12 = -6*u. Calculate the remainder when q is divided by u.
11
Let f = -137 - -148. Calculate the remainder when 95 is divided by f.
7
Let z be 2/(-1) + 4 - 0. Suppose t = z*t - 5*s - 58, -3*t + s = -132. Let o = t + -21. What is the remainder when o is divided by 6?
4
Let o = 40 - -11. Suppose 3*x - 317 = -4*s, -5*s + s - 5*x + 315 = 0. Suppose 89 = 13*p - s. What is the remainder when o is divided by p?
12
Let k = -11 + -65. Let x = k + 85. Calculate the remainder when 18 is divided by x.
0
Let r(l) = l**2 - 5*l - 5. Let m(s) = s + 14. Let a be m(-17). What is the remainder when 73 is divided by r(a)?
16
What is the remainder when (-1)/2*(0 + -429 - 1) is divided by 24?
23
Suppose -32*y + 138 = -29*y. Calculate the remainder when y is divided by 8.
6
Let t(i) = -i**3 - i**2 - i + 64. Let j be t(0). Suppose -k = -5*k + j. Calculate the remainder when 47 is divided by k.
15
Let u be (5 + -3)*(-2 + 2/4). What is the remainder when 62 is divided by 9/u - (-12 - 4)?
10
Let u = 2 + 9. Let k = 5 + u. Suppose -k = -a + 6. Calculate the remainder when 87 is divided by a.
21
Suppose -3*o + 80 = 8. Suppose 0 = -5*u + 26 + o. Calculate the remainder when -4*(2 + (-70)/8) is divided by u.
7
Calculate the remainder when ((-5)/((-30)/(-669)))/((-8)/16) is divided by 74.
1
Suppose 96 = 5*q + 4*b - 0*b, -q + 4 = -3*b. Suppose -q*i + 688 = -12*i. Calculate the remainder when i is divided by 29.
27
Suppose 482 = 3*h + 2*m + 105, h = -3*m + 114. Suppose 5*j = -2*o + 184 + h, 0 = -2*j + 2*o + 114. Calculate the remainder when j is divided by 32.
29
Let u(g) = -30*g - 187. Calculate the remainder when 160 is divided by u(-9).
77
Let v be (224/(-4))/(-2) + 0. Let b = 30 - v. Calculate the remainder when 3 is divided by b.
1
Suppose 5*h - 285 = 3685. Calculate the remainder when h is divided by 15.
14
Suppose 4*a - 15 = 5*u, -2*u - 3 + 5 = 0. Suppose -p - 4 = -a. Let j(o) = 50*o**3 - o**2 + o - 1. What is the remainder when j(p) is divided by 17?
15
Let p(h) = -h + 17. Let a(o) = 4*o - 68. Let d(x) = 2*a(x) + 9*p(x). Let u = 49 - 18. Calculate the remainder when u is divided by d(9).
7
Let c be 6/27 + 104/18. Suppose -64 = -c*s + 5*s. What is the remainder when s is divided by 22?
20
Let v(u) = 4*u**2 - 17*u - 34. What is the remainder when 190 is divided by v(-2)?
14
Let i(k) = 32*k - 51. Calculate the remainder when i(42) is divided by 36.
33
Suppose 72 + 28 = 2*v. Calculate the remainder when v is divided by (81/12)/((-3)/(-8)).
14
Suppose 6*d - 9 = 4*d - 3*l, -5*d = -2*l - 32. Suppose d*z - 387 = 441. Calculate the remainder when z is divided by 47.
44
Let f = -90 - -207. Suppose -5*b - 4*r = -25, r + 2*r = 4*b - 20. Suppose -2*s = -7*s - 20, b*y - f = 3*s. Calculate the remainder when y is divided by 8.
5
Let w(p) = -36*p - 2. Let x be w(-2). Let c = x - -3. What is the remainder when c is divided by 19?
16
Suppose k + 4*w = -1, -k + 5*w = 2*k - 31. Suppose k = -2*s + 3*s. Calculate the remainder when 12 is divided by 32/s - (-6)/14.
2
Suppose 2*x + 9 = 15, 31 = z - 4*x. Calculate the remainder when z is divided by 25.
18
Let k(f) = -f**2 - 2. Let b(a) = -2*a**2 - a - 1. Let m(h) = -5*b(h) + 4*k(h). What is the remainder when m(-4) is divided by 7 + -4 + 16*1?
16
Let j be 3 + 1 + -3 - 0. Let u be 2 - (176/j)/(-4). Suppose b - 107 = u. Calculate the remainder when b is divided by 39.
36
Let g be (-7)/(-1) - 3/(6/4). Suppose -3*c + 11 = -5*z, 4*z - g = -2*c + 5*z. Calculate the remainder when 6/(-27) - (-40)/18 is divided by c.
0
Let b(j) = -3*j**2 - 66*j + 19. Suppose 0 = 2*p + g - 2*g - 56, 0 = -p - g + 31. Calculate the remainder when b(-21) is divided by p.
24
Let m be 3*(-1 + (0 - 0) + 2). Suppose -3*z = -m*f + 39, 2*f + 4*z - 41 = z. Calculate the remainder when 45 is divided by f.
13
Let t(s) = 41*s**3 + 3*s**2 - 11. Let h(m) = 27*m**3 + 2*m**2 - 7. Let p(x) = -8*h(x) + 5*t(x). What is the remainder when 29 is divided by p(-1)?
7
Suppose 37*k = 40*k - 1155. Suppose -2*z = -j + 4*j - k, 500 = 4*j - 4*z. Calculate the remainder when j is divided by 16.
15
Suppose -2 = 4*t - 10, -4*h + 4 = -2*t. Suppose 3*p = -h*o - 3*o + 936, 5*o - 957 = 4*p. What is the remainder when o is divided by 19?
18
Let v = 1546 - 1540. Calculate the remainder when 435 is divided by v.
3
Let m = 21 - 21. Let t(s) = -s**2 - s + 2. What is the remainder when 6 is divided by t(m)?
0
Let l(x) = x**2 + 24*x + 83. What is the remainder when 265 is divided by l(-21)?
5
Suppose -4 = -9*c + 8*c, -2*i = -5*c + 2. What is the remainder when 133 is divided by i?
7
What is the remainder when 692 is divided by (-8)/18 + (-86984)/(-747)?
112
Suppose 0 = -4*i - v + 73, 0 = 6*i - 4*i - v - 29. What is the remainder when 138 is divided by i?
2
Suppose 0 = -19*v - 0*v + 1083. Calculate the remainder when 210 is divided by v.
39
Let b = -41 + 33. Let j(i) = i**2 + 4*i - 1. Let a = 31 - 20. What is the remainder when j(b) is divided by a?
9
Let t(w) = -11*w**2 + 9. Let i be t(-5). Suppose -4*z + 4*y - 7 = -3*z, 4*y = -2*z + 46. Calculate the remainder when z is divided by (-150)/(-19) + (-28)/i.
5
Suppose 0*x - 4*x - 16 = 0. Let q be 4/((4 + -8)/x). What is the remainder when 50 is divided by ((-39)/(-6))/(2/q)?
11
Let g(i) = -i**3 - 9*i**2 + 10*i + 4. Let v be g(-10). Calculate the remainder when 58 is divided by (-4)/6*(-14 - v).
10
Let y(n) = -3*n**2 + n**2 -